ctors of 12179.
19, 641
What are the prime factors of 36074?
2, 17, 1061
What are the prime factors of 1585?
5, 317
What are the prime factors of 194434?
2, 67, 1451
List the prime factors of 50391.
3, 11, 509
What are the prime factors of 226?
2, 113
List the prime factors of 8560.
2, 5, 107
List the prime factors of 1858.
2, 929
What are the prime factors of 143260?
2, 5, 13, 19, 29
List the prime factors of 5259.
3, 1753
What are the prime factors of 3431?
47, 73
What are the prime factors of 313?
313
What are the prime factors of 3560?
2, 5, 89
What are the prime factors of 45131?
45131
What are the prime factors of 21478?
2, 10739
List the prime factors of 7292.
2, 1823
List the prime factors of 1278.
2, 3, 71
List the prime factors of 346.
2, 173
List the prime factors of 42920.
2, 5, 29, 37
What are the prime factors of 13377?
3, 7, 13
What are the prime factors of 65716?
2, 7, 2347
What are the prime factors of 16194?
2, 3, 2699
What are the prime factors of 9315?
3, 5, 23
What are the prime factors of 2253?
3, 751
What are the prime factors of 2693?
2693
What are the prime factors of 333?
3, 37
What are the prime factors of 1544?
2, 193
List the prime factors of 17.
17
List the prime factors of 8023.
71, 113
What are the prime factors of 2239?
2239
What are the prime factors of 3360?
2, 3, 5, 7
List the prime factors of 233.
233
What are the prime factors of 16180?
2, 5, 809
List the prime factors of 1066.
2, 13, 41
What are the prime factors of 21678?
2, 3, 3613
List the prime factors of 11578.
2, 7, 827
What are the prime factors of 957?
3, 11, 29
List the prime factors of 6929.
13, 41
What are the prime factors of 10276?
2, 7, 367
List the prime factors of 114776.
2, 14347
List the prime factors of 15563.
79, 197
List the prime factors of 35555.
5, 13, 547
What are the prime factors of 1154?
2, 577
What are the prime factors of 5052?
2, 3, 421
What are the prime factors of 23?
23
List the prime factors of 1705.
5, 11, 31
List the prime factors of 12627.
3, 23, 61
What are the prime factors of 1715?
5, 7
What are the prime factors of 78412?
2, 19603
What are the prime factors of 3229?
3229
What are the prime factors of 115461?
3, 12829
List the prime factors of 221.
13, 17
What are the prime factors of 27543?
3, 9181
List the prime factors of 18479.
17, 1087
What are the prime factors of 26314?
2, 59, 223
What are the prime factors of 816?
2, 3, 17
List the prime factors of 2780.
2, 5, 139
List the prime factors of 783.
3, 29
List the prime factors of 149212.
2, 7, 73
List the prime factors of 80931.
3, 53, 509
What are the prime factors of 317?
317
List the prime factors of 14018.
2, 43, 163
What are the prime factors of 13?
13
List the prime factors of 19265.
5, 3853
List the prime factors of 99.
3, 11
List the prime factors of 7937.
7937
List the prime factors of 2701.
37, 73
List the prime factors of 91875.
3, 5, 7
What are the prime factors of 7813?
13, 601
What are the prime factors of 34722?
2, 3, 643
What are the prime factors of 27503?
7, 3929
List the prime factors of 5128.
2, 641
What are the prime factors of 18205?
5, 11, 331
List the prime factors of 45441.
3, 11, 17
List the prime factors of 1227.
3, 409
List the prime factors of 3902.
2, 1951
List the prime factors of 11197.
11197
What are the prime factors of 3038?
2, 7, 31
List the prime factors of 44283.
3, 29, 509
What are the prime factors of 3551?
53, 67
What are the prime factors of 2961?
3, 7, 47
What are the prime factors of 909?
3, 101
List the prime factors of 30142.
2, 7, 2153
List the prime factors of 1069.
1069
What are the prime factors of 50701?
7, 7243
List the prime factors of 13181.
7, 269
List the prime factors of 9088.
2, 71
What are the prime factors of 31612?
2, 7, 1129
List the prime factors of 10607.
10607
What are the prime factors of 2826?
2, 3, 157
What are the prime factors of 10448?
2, 653
What are the prime factors of 1657?
1657
List the prime factors of 177.
3, 59
What are the prime factors of 2304?
2, 3
List the prime factors of 47445.
3, 5, 3163
List the prime factors of 5874.
2, 3, 11, 89
List the prime factors of 79606.
2, 53, 751
List the prime factors of 1188.
2, 3, 11
List the prime factors of 10159.
10159
What are the prime factors of 1168?
2, 73
List the prime factors of 1612.
2, 13, 31
What are the prime factors of 13872?
2, 3, 17
List the prime factors of 20093.
71, 283
What are the prime factors of 340?
2, 5, 17
What are the prime factors of 25674?
2, 3, 11, 389
What are the prime factors of 9668?
2, 2417
List the prime factors of 10659.
3, 11, 17, 19
What are the prime factors of 15826?
2, 41, 193
List the prime factors of 2589.
3, 863
What are the prime factors of 1214?
2, 607
What are the prime factors of 804?
2, 3, 67
List the prime factors of 3032.
2, 379
List the prime factors of 1581.
3, 17, 31
What are the prime factors of 123907?
7, 31, 571
What are the prime factors of 152?
2, 19
List the prime factors of 3288.
2, 3, 137
List the prime factors of 1221.
3, 11, 37
List the prime factors of 75312.
2, 3, 523
What are the prime factors of 49240?
2, 5, 1231
List the prime factors of 3110.
2, 5, 311
List the prime factors of 1446.
2, 3, 241
List the prime factors of 93184.
2, 7, 13
What are the prime factors of 1713?
3, 571
List the prime factors of 72352.
2, 7, 17, 19
What are the prime factors of 48028?
2, 12007
What are the prime factors of 52568?
2, 6571
List the prime factors of 1345.
5, 269
What are the prime factors of 3393?
3, 13, 29
List the prime factors of 15544.
2, 29, 67
What are the prime factors of 10925?
5, 19, 23
What are the prime factors of 66202?
2, 79, 419
List the prime factors of 4713.
3, 1571
What are the prime factors of 890?
2, 5, 89
What are the prime factors of 16295?
5, 3259
List the prime factors of 9346.
2, 4673
What are the prime factors of 4683?
3, 7, 223
List the prime factors of 1432.
2, 179
What are the prime factors of 78270?
2, 3, 5, 2609
List the prime factors of 17905.
5, 3581
List the prime factors of 26604.
2, 3, 739
What are the prime factors of 8915?
5, 1783
What are the prime factors of 197?
197
What are the prime factors of 2956?
2, 739
List the prime factors of 22339.
89, 251
List the prime factors of 506.
2, 11, 23
List the prime factors of 474.
2, 3, 79
What are the prime factors of 7883?
7883
What are the prime factors of 80623?
37, 2179
What are the prime factors of 1743?
3, 7, 83
List the prime factors of 26702.
2, 13, 79
What are the prime factors of 3281?
17, 193
List the prime factors of 19432.
2, 7, 347
What are the prime factors of 1747?
1747
List the prime factors of 3441.
3, 31, 37
What are the prime factors of 4392?
2, 3, 61
What are the prime factors of 2328?
2, 3, 97
List the prime factors of 272.
2, 17
List the prime factors of 1454.
2, 727
List the prime factors of 1125.
3, 5
What are the prime factors of 24289?
107, 227
List the prime factors of 51898.
2, 7, 11, 337
What are the prime factors of 2333?
2333
List the prime factors of 1540.
2, 5, 7, 11
What are the prime factors of 1649?
17, 97
What are the prime factors of 6345?
3, 5, 47
What are the prime factors of 2618?
2, 7, 11, 17
List the prime factors of 1188.
2, 3, 11
What are the prime factors of 68386?
2, 31, 1103
List the prime factors of 71138.
2, 35569
What are the prime factors of 7925?
5, 317
What are the prime factors of 32061?
3, 10687
What are the prime factors of 25070?
2, 5, 23, 109
List the prime factors of 1350.
2, 3, 5
List the prime factors of 1003.
17, 59
List the prime factors of 857.
857
What are the prime factors of 409?
409
List the prime factors of 1844.
2, 461
List the prime factors of 1759.
1759
List the prime factors of 1742.
2, 13, 67
List the prime factors of 159013.
159013
What are the prime factors of 100191?
3, 7, 13, 367
List the prime factors of 57294.
2, 3, 1061
List the prime factors of 748.
2, 11, 17
What are the prime factors of 2335?
5, 467
What are the prime factors of 9382?
2, 4691
What are the prime factors of 310?
2, 5, 31
List the prime factors of 3314.
2, 1657
List the prime factors of 17827.
17827
List the prime factors of 817.
19, 43
List the prime factors of 50404.
2, 12601
What are the prime factors of 5880?
2, 3, 5, 7
What are the prime factors of 22